ions digit of 31827620?
1
What is the units digit of 279138758?
8
What is the hundred millions digit of 134024422?
1
What is the tens digit of 1421045306?
0
What is the tens digit of 56427000?
0
What is the units digit of 582653220?
0
What is the thousands digit of 69805361?
5
What is the tens digit of 317418750?
5
What is the millions digit of 43324528?
3
What is the ten millions digit of 1374459428?
7
What is the hundred millions digit of 1596075452?
5
What is the units digit of 16789288?
8
What is the hundred thousands digit of 1667638290?
6
What is the ten millions digit of 5601699019?
0
What is the hundred thousands digit of 23433898?
4
What is the hundred thousands digit of 125458031?
4
What is the ten thousands digit of 170521378?
2
What is the hundreds digit of 357605332?
3
What is the hundreds digit of 156983563?
5
What is the hundreds digit of 28794536?
5
What is the ten millions digit of 1579337917?
7
What is the hundred thousands digit of 120742360?
7
What is the hundred thousands digit of 387823727?
8
What is the ten millions digit of 3292678705?
9
What is the ten thousands digit of 59090377?
9
What is the millions digit of 395767736?
5
What is the hundreds digit of 39169241?
2
What is the hundred millions digit of 475529979?
4
What is the thousands digit of 150044475?
4
What is the ten thousands digit of 23431110?
3
What is the tens digit of 1562087899?
9
What is the ten thousands digit of 61916437?
1
What is the millions digit of 458076336?
8
What is the millions digit of 108741087?
8
What is the ten thousands digit of 3691062593?
6
What is the tens digit of 296490132?
3
What is the ten thousands digit of 32099638?
9
What is the ten thousands digit of 39983718?
8
What is the hundred thousands digit of 337074618?
0
What is the millions digit of 1475372777?
5
What is the thousands digit of 279793028?
3
What is the millions digit of 46235109?
6
What is the units digit of 71936705?
5
What is the thousands digit of 296405700?
5
What is the hundred thousands digit of 4660733410?
7
What is the hundred millions digit of 1766356780?
7
What is the hundred thousands digit of 2081491?
0
What is the thousands digit of 2642502635?
2
What is the hundred thousands digit of 371543733?
5
What is the ten millions digit of 220864618?
2
What is the thousands digit of 398293380?
3
What is the hundred thousands digit of 2890788100?
7
What is the tens digit of 140608664?
6
What is the units digit of 78607640?
0
What is the units digit of 695044242?
2
What is the hundred thousands digit of 4343007420?
0
What is the hundreds digit of 60431769?
7
What is the thousands digit of 4262757790?
7
What is the units digit of 324249900?
0
What is the millions digit of 230615447?
0
What is the ten millions digit of 14987557?
1
What is the millions digit of 133248052?
3
What is the hundred millions digit of 176461543?
1
What is the hundred thousands digit of 2157602282?
6
What is the thousands digit of 1317502418?
2
What is the hundred thousands digit of 205313204?
3
What is the ten thousands digit of 249021360?
2
What is the thousands digit of 129574200?
4
What is the ten millions digit of 51711055?
5
What is the hundred thousands digit of 283907200?
9
What is the ten thousands digit of 4127953356?
5
What is the tens digit of 34587607?
0
What is the tens digit of 4212571180?
8
What is the hundreds digit of 73217926?
9
What is the ten thousands digit of 59316502?
1
What is the tens digit of 2259922095?
9
What is the thousands digit of 103534908?
4
What is the tens digit of 1469152026?
2
What is the thousands digit of 79799953?
9
What is the millions digit of 48611675?
8
What is the thousands digit of 149650512?
0
What is the millions digit of 26369190?
6
What is the ten thousands digit of 829483639?
8
What is the thousands digit of 7611028?
1
What is the hundred millions digit of 732540012?
7
What is the millions digit of 161282302?
1
What is the thousands digit of 26419766?
9
What is the units digit of 13592681?
1
What is the ten thousands digit of 6609431376?
3
What is the tens digit of 42854577?
7
What is the thousands digit of 249148649?
8
What is the tens digit of 994000749?
4
What is the units digit of 186346127?
7
What is the hundred millions digit of 1224693542?
2
What is the thousands digit of 474899262?
9
What is the thousands digit of 3421353790?
3
What is the thousands digit of 651725522?
5
What is the tens digit of 166032339?
3
What is the hundred millions digit of 1820858214?
8
What is the thousands digit of 1171708374?
8
What is the units digit of 145389346?
6
What is the hundred thousands digit of 78970365?
9
What is the hundreds digit of 102532852?
8
What is the hundred thousands digit of 933624534?
6
What is the thousands digit of 154328913?
8
What is the thousands digit of 62811971?
1
What is the ten millions digit of 203253999?
0
What is the millions digit of 527116194?
7
What is the ten thousands digit of 3339342177?
4
What is the millions digit of 1258209219?
8
What is the millions digit of 67191770?
7
What is the hundreds digit of 159997682?
6
What is the hundreds digit of 88431095?
0
What is the units digit of 274153100?
0
What is the ten millions digit of 493551564?
9
What is the hundred millions digit of 166159117?
1
What is the units digit of 2038157890?
0
What is the tens digit of 393962483?
8
What is the tens digit of 109052490?
9
What is the millions digit of 5161598263?
1
What is the ten millions digit of 43332316?
4
What is the ten thousands digit of 6297238?
9
What is the hundred millions digit of 838799106?
8
What is the hundreds digit of 6328587155?
1
What is the hundreds digit of 13268678?
6
What is the hundreds digit of 257483770?
7
What is the units digit of 357105458?
8
What is the thousands digit of 278327752?
7
What is the ten thousands digit of 131199573?
9
What is the hundreds digit of 266942697?
6
What is the thousands digit of 524551689?
1
What is the billions digit of 2709256646?
2
What is the hundreds digit of 785923527?
5
What is the thousands digit of 39086435?
6
What is the hundred thousands digit of 1933417388?
4
What is the thousands digit of 20150240?
0
What is the units digit of 5055326076?
6
What is the units digit of 70191019?
9
What is the millions digit of 88425437?
8
What is the tens digit of 21854299?
9
What is the thousands digit of 46894396?
4
What is the hundreds digit of 13135520?
5
What is the hundreds digit of 383502967?
9
What is the thousands digit of 202868667?
8
What is the ten millions digit of 57008933?
5
What is the millions digit of 353475544?
3
What is the ten millions digit of 357206486?
5
What is the thousands digit of 29759589?
9
What is the units digit of 90375177?
7
What is the tens digit of 168429535?
3
What is the ten millions digit of 2657119649?
5
What is the hundred millions digit of 1605119012?
6
What is the units digit of 163869377?
7
What is the thousands digit of 52793721?
3
What is the billions digit of 1234459162?
1
What is the hundreds digit of 1156472252?
2
What is the hundred millions digit of 1484300639?
4
What is the ten millions digit of 3844412865?
4
What is the hundreds digit of 63223049?
0
What is the millions digit of 31683289?
1
What is the tens digit of 1893782047?
4
What is the millions digit of 801278568?
1
What is the millions digit of 4181946806?
1
What is the tens digit of 19997793?
9
What is the ten millions digit of 224628962?
2
What is the thousands digit of 382074302?
4
What is the thousands digit of 2080726017?
6
What is the ten millions digit of 58442499?
5
What is the hundreds digit of 206679361?
3
What is the millions digit of 176666416?
6
What is the hundred thousands digit of 1784652879?
6
What is the hundred thousands digit of 2071806221?
8
What is the thousands digit of 74762045?
2
What is the ten millions digit of 955159219?
5
What is the ten millions digit of 140386782?
4
What is the hundreds digit of 361747211?
2
What is the hundred thousands digit of 8500201?
5
What is the ten millions digit of 45839432?
4
What is the billions digit of 1690439604?
1
What is the tens digit of 329314650?
5
What is the tens digit of 684804622?
2
What is the hundreds digit of 151978931?
9
What is the millions digit of 40293873?
0
What is the millions digit of 